Let a = g + p. What is the tens digit of a?
1
Let k = 4 + -2. Suppose -w = -5 + k. Suppose -5*o = 2*g - 0 + 13, 5*g = -w*o - 4. What is the units digit of g?
1
Suppose 0 = -3*n - 2*c + 55, n - 59 = -2*n + 2*c. What is the tens digit of n?
1
What is the tens digit of -13*((-3 - -2) + 0)?
1
Let g = 822 + -544. What is the tens digit of g?
7
What is the units digit of 5/(-4) - (-8349)/132?
2
Let s(u) = -u**2 - 8*u - 6. Let g = -9 + 3. Let t be s(g). Suppose 2*f = 5*f - t. What is the units digit of f?
2
Let c = 334 - 137. What is the tens digit of c?
9
Let k = -13 - 4. Let p = -7 - k. What is the units digit of p?
0
Let w(f) = -f**2 + 4*f + 7. Let d be w(5). Suppose 3*q = -d*r + 18, 5*r - 4*q = -3 + 2. Suppose 4*p - 48 = -r*u, 0 = u + 2*u. What is the units digit of p?
2
Suppose -h + 60 = 2*h. Let w = h + -6. What is the units digit of w?
4
Suppose 2*y + 4*j - 22 = 0, -2*j + 2 = -2. Let w = y - -2. What is the units digit of w?
9
Suppose 0*t - 27 = 3*t. Let z = t - -30. What is the tens digit of z?
2
What is the units digit of 5 + -7 + (-2 + 164)/2?
9
Let v = -15 - -18. Suppose 72 = v*o - 0*o. What is the units digit of o?
4
Suppose j - 4*q + 36 = -0*q, -4*q = 5*j + 228. What is the units digit of j/(-10) - (-20)/(-50)?
4
Let u(a) = -a**2 - 9*a + 16. What is the units digit of u(-10)?
6
Suppose -5*t = 10, -2*t + 93 + 11 = 4*u. What is the tens digit of u?
2
Let t = 7 - -10. Suppose 0*z + 2*z + 5*m - t = 0, 0 = 4*z - m - 67. What is the units digit of z?
6
Let z = -109 - -264. What is the hundreds digit of z?
1
Suppose 4*h + 54 - 262 = 0. What is the tens digit of h?
5
Suppose 0*g = -3*g + 3. Suppose h - g = 2. Let v = h - -14. What is the units digit of v?
7
Let l = -7 + 9. Suppose l*w = -0*w + 3*u + 12, u = -2*w + 20. What is the units digit of w?
9
Let y(w) = w**3 + 11*w**2 + 8*w + 2. Let o be y(-10). Let z = 38 - o. What is the units digit of z?
6
Let d = -158 + 275. What is the units digit of d?
7
Let y be 4/6 - (-24)/18. Let d = y - -2. Suppose -d*f = -f - 3. What is the units digit of f?
1
Let r(y) = -2*y - 10. Let p be r(0). What is the units digit of (-508)/(-10) - 2/p?
1
Let y = -14 - 17. Let i = y + 56. What is the tens digit of i?
2
Let l(q) = 52*q**3 - 2*q**2 + q. Let o(z) = z**2 - 5*z - 5. Let s be o(6). What is the tens digit of l(s)?
5
Suppose -3*r - m + 209 + 150 = 0, -r = 3*m - 133. What is the units digit of r?
8
Let x(a) = -a**2 + 4*a + 2. Let u = 16 + -10. Let q be x(u). Let j = 28 + q. What is the tens digit of j?
1
Let z be 34/(3 - (-1)/(-1)). Let t = -29 + z. Let b = 3 - t. What is the tens digit of b?
1
Let b(z) = 3*z - 3. Let v(c) = -3*c + 2. Let o(k) = 4*b(k) + 3*v(k). What is the units digit of o(5)?
9
Let m(v) = 8*v**3 - v**2 + v + 3. What is the tens digit of m(3)?
1
Let l = -615 - -882. What is the hundreds digit of l?
2
Suppose -76 = 7*y - 3*y. Let g = y - -29. Suppose 0 = 2*j - 2*k - g, 0 = 3*j + k - 2*k - 13. What is the units digit of j?
4
Let m(q) be the first derivative of q**2 - 4*q + 1. Let t be m(3). Suppose -t*u + 10 - 2 = 0. What is the units digit of u?
4
Let r be 68 + (-1 - 1/1). Suppose 2*i - r = -3*f, -2*i - 83 = -4*f - 3*i. What is the tens digit of f*-1*2/(-4)?
1
Suppose 2*i + 4*b - 55 = -3*i, -2*i = -b - 22. What is the units digit of i?
1
Let s = -11 + 7. Suppose -3*c - 32 = -4*n, -3 = 2*c - 4*n + 5*n. What is the units digit of 16 - c/(2 + s)?
4
Suppose 6 = -2*q + 2*y + 96, 4*y - 196 = -4*q. Suppose 4*d - 3*x - 57 = d, 3*d - q = x. What is the units digit of d?
4
Let m(w) be the third derivative of w**6/120 - w**5/12 + w**4/6 - w**3/2 + 4*w**2. What is the units digit of m(5)?
7
Let a = 21 - 19. Suppose -5*s + 3*s = -t - 5, -3*t - 5 = -4*s. Suppose 3*i = t*w - 19, 1 = a*i - w + 2. What is the units digit of i?
2
Suppose 2*x + 5 = x. Let a(b) = -4*b - 15. What is the units digit of a(x)?
5
Let k be 23/(-6) - 2/12. Let r(b) = -b - 1. Let m be r(k). Suppose u + 3 - 5 = -q, q + m*u = -6. What is the units digit of q?
6
Let p(n) = -n - 17. Let f be p(-9). Let h = f - -21. What is the units digit of h?
3
Let z = 10 - 0. Let f be (-35)/z - (-1)/2. What is the units digit of 4/10 - f/5?
1
Suppose -a + 2 + 4 = 4*k, 4*a = k + 58. What is the units digit of a?
4
Let g(y) = y**2 + 9*y + 11. Let d be g(-8). Suppose 0 = -d*o - 5*s - 0*s + 58, 4*o + 3*s - 70 = 0. What is the units digit of o?
6
What is the units digit of (-9)/((-45)/350) + 3?
3
Suppose 2*h + 397 = 2*c - 3*h, -5*h = -c + 206. What is the tens digit of c?
9
What is the tens digit of ((-60)/(-16))/(2/8)?
1
Suppose 2*l + 1340 = -5*r, r + 2*l = -3*l - 245. What is the units digit of r/(-12) - 1/(-2)?
3
Let l be (-1 + 6)*(0 + 1). Let r(a) = a**3 - 3*a**2 - 3*a - 1. Let t be r(4). Suppose y + p + t - l = 0, 2*y - 20 = 2*p. What is the units digit of y?
6
Let k(t) = t**3 + 6*t**2 + 3*t - 6. Let c be k(-5). Suppose 0 = -h + c*h - 108. What is the units digit of h?
6
Suppose 5*j - 4*m + 6 = -21, 2*j = 3*m - 15. Let a = j + 7. What is the units digit of a?
4
Let q(t) be the third derivative of t**7/1260 + t**6/360 - t**5/30 + 2*t**2. Let l(u) be the third derivative of q(u). What is the units digit of l(2)?
0
Let i = 10 + 14. Suppose 0 = 2*a - 7*a + l + i, -3*a = l - 16. Suppose 5*d - 2*q + 12 = 47, q + a = 0. What is the units digit of d?
5
Let r(t) = 44*t**2. What is the tens digit of r(1)?
4
Let d(j) = j**3 + 2*j**2 - 4*j - 3. Let q be d(-2). Suppose -q*y + 36 = -4. What is the units digit of y?
8
Let o = 121 + -110. What is the units digit of o?
1
Let w(c) = -c**2 - 17*c + 9. What is the tens digit of w(-10)?
7
Let f(q) = -q**2 - 9*q - 6. Let s be f(-6). Suppose 0*h - 56 = -4*a + 4*h, 3*a = 2*h + 40. Suppose 2*z - s = a. What is the units digit of z?
2
Let w(d) = -9*d**2 + d. Let z be w(1). Let u = z - -12. What is the units digit of u?
4
Suppose -2 = -4*u + 6. What is the units digit of (-1*1)/(u/(-6))?
3
Suppose f = 4*n - 42, 2*n + 3*f - f = 16. What is the tens digit of n?
1
Let t(u) = -u**3 + 6*u**2 - u + 1. Let g(d) = 5*d**2 + 1. Let h be (1/2)/((-2)/(-8)). Let q(v) = h*t(v) - 3*g(v). What is the units digit of q(-2)?
7
Let v(t) = -32*t**3 - t - 1. What is the tens digit of v(-1)?
3
Let n(p) = -6*p. What is the units digit of n(-9)?
4
Suppose 3*h - 2*m = 2*m + 65, -5*h + 143 = 2*m. What is the units digit of h?
7
Suppose 2*b = 4*v + v + 9, -6 = -b + 4*v. What is the units digit of (3/b)/(12/80)?
0
Suppose 4*s + 14 + 14 = 2*k, 0 = 4*k + 2*s - 16. Suppose -2*m = -0*m + k. What is the units digit of m/5 - 96/(-10)?
9
Let n = -1 + -2. What is the units digit of 2/(-3) - 11/n?
3
Let x(s) = -8*s**2 + 2*s + 1. Let z(r) = r**2 + r. Let f(o) = -2*x(o) + 2*z(o). What is the tens digit of f(-1)?
1
Suppose -5*x + 314 = 3*p - x, -p + 126 = -4*x. What is the tens digit of p?
1
Let k(o) = o**2 + 5. What is the units digit of k(0)?
5
Suppose -75 = -4*b - 3*x, 2*b - 39 = -0*b - 3*x. What is the units digit of b?
8
Let t = -3 + 5. Let a be (4 - t)*(1 - -3). Suppose u = -u + a, 0 = 4*r - 2*u - 36. What is the units digit of r?
1
Suppose -4*m = m - 15. Suppose m*t + 14 = 2. Let a = 17 + t. What is the tens digit of a?
1
Let x(w) = -7*w**3 + 10*w**2 + 3*w + 7. Let g(b) = 3*b**3 - 5*b**2 - b - 4. Let t(h) = -5*g(h) - 2*x(h). What is the units digit of t(5)?
1
Suppose 5*n - 2*w = 28, 2*w - 4 = -4*n - w. What is the units digit of n?
4
Let v(c) = -c**2 - c + 2. Let m be v(-2). Let i = m - -7. Suppose 0 = 5*w - i*w + 14. What is the units digit of w?
7
What is the tens digit of -92*2*5/(-4)?
3
Let g = 96 - 62. What is the tens digit of g?
3
Let w(s) = 2*s**3 - 2*s**2 - 3*s + 2. Let c be w(2). Suppose -t = c*m - 22 + 2, -4*t + 3*m = 15. Suppose p = -t*p + 5. What is the units digit of p?
5
Suppose -7*c = -8*c + 2. Suppose -1 - 3 = -c*y. Let q = 1 + y. What is the units digit of q?
3
Let m(z) = -z**2 - 6*z - 1. Let f be m(-7). Let d = -1 - f. What is the units digit of d?
7
Let p = 7 - -7. What is the tens digit of p?
1
Suppose 5*w - 695 = -85. What is the units digit of w?
2
Let x(u) = -17*u - 11. Let w(g) = -8*g - 5. Let p(k) = 13*w(k) - 6*x(k). What is the tens digit of p(-10)?
2
Let t(s) = s + 2. Let i be (-4)/2 - 24/(-4). Suppose 0 = d - i - 1. What is the units digit of t(d)?
7
Let n be 1*-29*4/(-2). Suppose 4*f = 8, 2*r = -f - f + n. Let c = r + -14. What is the